se -2*g + 4*g = 252. What is the hundreds digit of g?
1
Let a(z) = z**3 + 27*z**2 + 26*z + 11. What is the tens digit of a(-26)?
1
Suppose 0 = 2*h + 10 - 0, 5*m = -2*h + 65. What is the tens digit of m?
1
Suppose -3*k + 4*k - 35 = 0. What is the tens digit of k?
3
What is the units digit of ((-7)/(-35))/(22/10 - 2)?
1
Suppose -3*c = -7*c - 40. Let v be c/45 + 68/(-18). Let w = v + 7. What is the units digit of w?
3
Let w = 108 - 68. What is the tens digit of w?
4
Suppose -6*c + 385 = 121. What is the units digit of c?
4
Let i = -117 - -169. Suppose -i = r - 5*r. What is the units digit of r?
3
Suppose -g = g - 4. Suppose -5*t = -10*t + 15. Let f = t + g. What is the units digit of f?
5
Let t(h) = h**3 + 3*h**2 + 1. Let l be t(-3). What is the units digit of (0 - -22)/2 - l?
0
Let w = -20 - -38. What is the units digit of w?
8
Let o(s) be the first derivative of -s**4/4 + 8*s**3/3 + 5*s**2 + 4*s - 2. What is the tens digit of o(9)?
1
Let t(u) = 128*u**3 + 2*u**2 - 1. What is the hundreds digit of t(1)?
1
Suppose 5*o - 83 = -3*g, -3*g - 2*g + 4*o + 89 = 0. Suppose -2*t = -g - 5. What is the units digit of t?
3
Suppose 4*g - 7 = -2*u + 113, -2*g + 52 = -3*u. What is the units digit of g?
9
Let x(c) = -c**2 - 7*c + 5. What is the tens digit of x(-6)?
1
Suppose -o - o - 6 = 0. Let p(s) = s**3 + 7*s**2 + 5*s + 4. What is the units digit of p(o)?
5
Suppose 0 = -m + 2 + 1. What is the tens digit of -2 + 24 + m + -5?
2
Let t be 5/(20/(-12)) + 46. Suppose 0 = -5*b - y + 74, 0*y - 2*y = 3*b - t. What is the units digit of b?
5
Let i = -65 + 104. What is the tens digit of i + (0 - 0) + -3?
3
Let r(d) = 8 - 7 - 9*d**2 + d**3 + 8. Suppose 7 - 32 = 5*y, 2*p - 23 = y. What is the units digit of r(p)?
9
Let q(n) = -1 - 4 + 4 + n. Let v be q(1). Suppose 15 = 5*p, p + v*p = 5*f - 22. What is the units digit of f?
5
Suppose -2*a = -6*a + 4*n + 20, 4*n = -a + 15. Suppose -3*o - a = -25. What is the units digit of o?
6
Let k(z) be the first derivative of z**3/3 - 7*z**2/2 - 5*z - 2. Let x be k(7). What is the units digit of 4/5*(0 - x)?
4
Suppose 2*n - 23 = 11. Let p = -8 + n. Let c(o) = -o + 17. What is the units digit of c(p)?
8
Suppose 3*m - 5*m + 8 = 0. Let s = -2 + m. What is the units digit of s/1 + 0 + 0?
2
Let w(v) = -28*v - 1. What is the tens digit of w(-2)?
5
What is the units digit of 71/6 - 3/(-18)?
2
Let b(j) = j**3 + 5*j**2 - 15*j + 12. What is the units digit of b(-7)?
9
Let w be (-6)/(-8) - (-33)/4. Suppose -d - 2 = -w. Let z = d + 0. What is the units digit of z?
7
Suppose 0*y + 3*y - 15 = 0. What is the units digit of y?
5
Let w be -26*(-2 + 21/6). Let t = -26 - w. What is the units digit of t?
3
Suppose 23 = 3*c - 82. What is the units digit of c?
5
Let j = 3 + -1. Suppose -j*g + 14 + 30 = 0. What is the units digit of g?
2
Suppose -4*j = -156 - 8. What is the units digit of j?
1
Let n = 71 + -31. What is the tens digit of n?
4
Suppose 5*l - 2*x - 4 = -5, -2*x - 4 = 0. Let p be (-46)/(-10) + 4/10. What is the units digit of p + -2 - 2*l?
5
Suppose -5*q + 313 = -422. What is the hundreds digit of q?
1
Let z be (-2 - 0)*9/(-6). Suppose -3*v + 3*w + 3 = 0, -8 = -2*v + 4*w - 0*w. What is the units digit of 2*z/((-3)/v)?
4
Let f = -9 - -5. Let c = 0 - f. Suppose 5 = c*p - 3, q - 6 = 2*p. What is the tens digit of q?
1
Suppose 4*o - 25 = -4*r + 3, -3*r - 2*o = -18. Suppose 4 = -0*f + r*f. Suppose -f = 4*h - 9. What is the units digit of h?
2
Let d(l) = -l**2 - 7*l - 1. Let z be d(-6). Suppose 4 = -z*g + 24. Suppose 22 = 5*c - 0*c + g*j, 5*c - 3*j = 1. What is the units digit of c?
2
Let s = -23 - -64. Let u = s - 23. What is the tens digit of u?
1
Suppose -88 = 6*v - 10. Suppose -5*r - 2 - 3 = 0. What is the tens digit of 6/(-3) + r - v?
1
Suppose 7*t - 54 = 100. What is the tens digit of t?
2
Let q = -33 - -214. What is the units digit of q?
1
Let b = -11 + -7. Let c = 9 + b. Let i(m) = -2*m - 9. What is the units digit of i(c)?
9
Suppose 0*o + 3*o - 108 = 0. What is the tens digit of o + 3 - -4 - 4?
3
Suppose 2*j + 2 = 3*j. Let k be 2*(j + -1) - 37. Let t = -19 - k. What is the tens digit of t?
1
Suppose 13 - 31 = 3*y + 3*q, -5*q = y + 22. What is the tens digit of y/(-3)*(16 - -5)?
1
Let p(h) = -2*h**3 + 5*h**3 + 7*h**2 - 2*h**3 + 9 + 0*h**3 - h. What is the tens digit of p(-7)?
1
Let i(t) = -2*t**2 - 8*t + 6. Let w be i(-6). Let y = w + 19. What is the units digit of y?
1
Suppose 2*o + 3*g = -0 + 14, -g = -3*o + 43. Let f = 40 - o. What is the tens digit of f?
2
What is the units digit of -40*((-9)/5 - -1)?
2
Suppose -20*f = -14*f - 522. What is the units digit of f?
7
Let i = -10 + 15. Suppose i*m = 27 - 7. What is the units digit of m?
4
Let s(m) = -m**2 + 5*m + 3. Suppose 3*v - 34 - 2 = 0. Let c be v/3*1 + 0. What is the units digit of s(c)?
7
Let r = 6 - 3. Suppose -r*o - 6*j + 8 = -4*j, -4*j = -4. Suppose -b + 3*u = -8, o*b + 3*u = -3*b + 40. What is the units digit of b?
8
Suppose 2*w - 35 = -g, 2*g + 50 = -w + 3*w. What is the units digit of w?
0
Suppose -246 = -13*d + 7*d. What is the units digit of d?
1
Suppose 4*u = 3*k - 2, u = 2*k - 0*u + 7. Let d(c) = -c + 6. What is the units digit of d(k)?
2
Suppose 0 = o + 27 - 81. What is the units digit of (o/4)/((-9)/(-12))?
8
Suppose -5*b + b + 56 = 0. Let t(p) = p**3 + 14*p**2 - 14*p + 17. Let u be t(-15). Suppose u*s - 4*j = b, 4*s - 34 = -5*j + 20. What is the units digit of s?
1
Let y be (-12 - -2)*2/(-4). Let s = y + -3. Suppose 3 = a + s*a. What is the units digit of a?
1
Suppose 5 = r, q + 2*q - 3*r - 198 = 0. What is the units digit of q?
1
Let y = 73 - 48. What is the units digit of y?
5
Let i be 8 + (4 - (8 - 0)). Suppose -3*w + 2*s = -144, i*w - 194 = 3*s - s. What is the tens digit of w?
5
Let t(j) = j**2 + j - 13. What is the units digit of t(-9)?
9
Suppose 0*z = 3*v - z - 80, 0 = 4*v + 5*z - 132. What is the tens digit of v?
2
Let y = 106 - 15. Let n = -61 + y. What is the units digit of n?
0
Let b be 22/(-33) - (-418)/6. Let z = b + -47. What is the tens digit of z?
2
Suppose y = -2 + 5. Suppose 0 = -x + y*x - 78. What is the units digit of x?
9
Suppose -12*s - 7 = -487. What is the units digit of s?
0
Let s = -3 - -1. Let p be s - (-5 + (3 - 0)). Let r(a) = a**2 - a + 7. What is the units digit of r(p)?
7
Suppose -3*w - 760 = -11*w. What is the units digit of w?
5
Let x be 1*(-4)/((-16)/20). Suppose -x*f + 88 = -22. What is the tens digit of f?
2
Let h(l) = 3*l. Let s be h(1). Suppose 5*k - 22 = 5*n + s, 0 = 5*n + 4*k + 25. Let a(w) = -w**2 - 10*w - 4. What is the tens digit of a(n)?
2
Let z(y) = 3*y**3 - 5*y**2 + 2*y + 2. Let w be z(3). Let h = w - 31. What is the tens digit of h?
1
Let b(g) = -7*g - 3. Let j be b(-6). Let k be 13/(-1*(-3)/6). Let m = j - k. What is the tens digit of m?
1
Suppose 4 = 2*w - 0. Let r be w*(-1 + 2)*16. Suppose -4 = 2*g - r. What is the units digit of g?
4
Suppose 2*l = -3*f - 61, 0 = f + 4*f - 5*l + 60. What is the units digit of (0 - f) + 15/(-5)?
4
Let x(d) = d**3 - 6*d**2 + 4*d - 2. Let u be x(5). Let n = 11 + u. What is the units digit of n?
4
Suppose 37 + 13 = 5*h. Let v be -2 + 3/(6/h). Suppose -4 = -5*n - v*s, -3*n - 5*s - 4 = -0*n. What is the units digit of n?
2
Let t be (-80)/12 + (-6)/(-9). Let h(g) = 2*g**2 + 6*g + 8. What is the units digit of h(t)?
4
Let a = 33 + -11. Let g = a - -12. What is the units digit of g?
4
Suppose 0 = a - 1 - 0. What is the tens digit of (a - -1)/((-5)/(-25))?
1
Suppose -32 = -0*z + 2*z. Let k = 25 - z. What is the tens digit of k?
4
Suppose -i = -2*t, i - 4*i + 12 = 0. Let h = 23 + t. Let w = 35 - h. What is the tens digit of w?
1
Suppose 2*y - 7*y - 5*q + 1870 = 0, -4*q = -5*y + 1834. What is the units digit of y?
0
Let d(g) = g**3 + 4*g**2 - 3. Let r be d(-4). Let p be 1/(-1) - 24/(-8) - -1. What is the units digit of p*((-17)/r + -1)?
4
Suppose 0 = -6*t + 3*t + 57. What is the tens digit of t?
1
Let i(x) = -4*x + 1. What is the units digit of i(-9)?
7
Let j(t) be the first derivative of -t**4/2 - 4*t**3/3 + 5*t**2/2 + 7*t - 5. What is the tens digit of j(-4)?
5
Let w = 18 + -6. Suppose -4*b - f + 5*f = -w, 4*b + 4*f - 4 = 0. Suppose 2*a + 33 = 2*l + l, 24 = b*l - 2*a. What is the units digit of l?
9
Suppose 2*l + 40 = 140. What is the units digit of l?
0
Let f(d) = -d**3 - 4*d**2 + d - 1. Let s be 